en 1078 is divided by 353.
19
Calculate the remainder when 96 is divided by 64.
32
Calculate the remainder when 11708 is divided by 16.
12
Calculate the remainder when 885 is divided by 74.
71
Calculate the remainder when 16499 is divided by 55.
54
What is the remainder when 7182 is divided by 15?
12
Calculate the remainder when 1247 is divided by 10.
7
What is the remainder when 160 is divided by 81?
79
Calculate the remainder when 48 is divided by 33.
15
What is the remainder when 345 is divided by 150?
45
Calculate the remainder when 19 is divided by 4.
3
Calculate the remainder when 121 is divided by 25.
21
Calculate the remainder when 156 is divided by 82.
74
Calculate the remainder when 48 is divided by 5.
3
Calculate the remainder when 1920 is divided by 275.
270
Calculate the remainder when 331 is divided by 21.
16
Calculate the remainder when 1195 is divided by 54.
7
What is the remainder when 798 is divided by 50?
48
What is the remainder when 141 is divided by 92?
49
Calculate the remainder when 1415 is divided by 435.
110
Calculate the remainder when 268 is divided by 15.
13
Calculate the remainder when 139 is divided by 36.
31
What is the remainder when 505 is divided by 125?
5
Calculate the remainder when 9974 is divided by 57.
56
What is the remainder when 20 is divided by 14?
6
What is the remainder when 249 is divided by 14?
11
What is the remainder when 1978 is divided by 32?
26
What is the remainder when 1244 is divided by 52?
48
What is the remainder when 70 is divided by 4?
2
What is the remainder when 324 is divided by 6?
0
What is the remainder when 1984 is divided by 479?
68
What is the remainder when 502 is divided by 24?
22
What is the remainder when 109 is divided by 63?
46
What is the remainder when 1527 is divided by 9?
6
What is the remainder when 961 is divided by 196?
177
Calculate the remainder when 1236 is divided by 21.
18
What is the remainder when 76 is divided by 20?
16
What is the remainder when 1281 is divided by 426?
3
Calculate the remainder when 179 is divided by 20.
19
Calculate the remainder when 364 is divided by 16.
12
Calculate the remainder when 61 is divided by 24.
13
What is the remainder when 556 is divided by 20?
16
Calculate the remainder when 892 is divided by 433.
26
Calculate the remainder when 157 is divided by 40.
37
Calculate the remainder when 664 is divided by 19.
18
What is the remainder when 80 is divided by 27?
26
Calculate the remainder when 383 is divided by 14.
5
Calculate the remainder when 272 is divided by 64.
16
Calculate the remainder when 386 is divided by 78.
74
Calculate the remainder when 6787 is divided by 93.
91
Calculate the remainder when 112 is divided by 103.
9
Calculate the remainder when 83 is divided by 25.
8
What is the remainder when 288 is divided by 30?
18
What is the remainder when 812 is divided by 252?
56
Calculate the remainder when 420 is divided by 33.
24
Calculate the remainder when 259 is divided by 44.
39
What is the remainder when 535 is divided by 18?
13
What is the remainder when 377 is divided by 218?
159
What is the remainder when 18 is divided by 7?
4
Calculate the remainder when 319 is divided by 37.
23
Calculate the remainder when 4141 is divided by 14.
11
What is the remainder when 1755 is divided by 93?
81
What is the remainder when 274 is divided by 4?
2
Calculate the remainder when 590 is divided by 123.
98
Calculate the remainder when 332 is divided by 111.
110
What is the remainder when 301 is divided by 61?
57
Calculate the remainder when 164 is divided by 25.
14
What is the remainder when 1580 is divided by 1565?
15
What is the remainder when 323 is divided by 24?
11
What is the remainder when 838 is divided by 46?
10
What is the remainder when 1007 is divided by 23?
18
Calculate the remainder when 165 is divided by 41.
1
Calculate the remainder when 378 is divided by 33.
15
What is the remainder when 106 is divided by 16?
10
Calculate the remainder when 435 is divided by 65.
45
Calculate the remainder when 52253 is divided by 46.
43
What is the remainder when 425 is divided by 61?
59
Calculate the remainder when 1094 is divided by 14.
2
Calculate the remainder when 296 is divided by 45.
26
What is the remainder when 437 is divided by 55?
52
Calculate the remainder when 232 is divided by 9.
7
What is the remainder when 3396 is divided by 83?
76
What is the remainder when 60 is divided by 35?
25
Calculate the remainder when 697 is divided by 10.
7
What is the remainder when 1395 is divided by 70?
65
What is the remainder when 73 is divided by 30?
13
What is the remainder when 45 is divided by 25?
20
Calculate the remainder when 37 is divided by 19.
18
What is the remainder when 41 is divided by 15?
11
What is the remainder when 370 is divided by 93?
91
Calculate the remainder when 442 is divided by 100.
42
What is the remainder when 374 is divided by 63?
59
Calculate the remainder when 3667 is divided by 51.
46
Calculate the remainder when 341 is divided by 38.
37
Calculate the remainder when 104 is divided by 54.
50
Calculate the remainder when 1029 is divided by 8.
5
What is the remainder when 238 is divided by 125?
113
What is the remainder when 672 is divided by 97?
90
What is the remainder when 290 is divided by 135?
20
What is the remainder when 94 is divided by 12?
10
What is the remainder when 1692 is divided by 77?
75
Calculate the remainder when 203 is divided by 164.
39
What is the remainder when 16643 is divided by 73?
72
Calculate the remainder when 170 is divided by 44.
38
Calculate the remainder when 348 is divided by 39.
36
Calculate the remainder when 124 is divided by 32.
28
What is the remainder when 53 is divided by 19?
15
What is the remainder when 1310 is divided by 100?
10
Calculate the remainder when 109 is divided by 56.
53
Calculate the remainder when 152 is divided by 93.
59
Calculate the remainder when 83 is divided by 50.
33
What is the remainder when 74 is divided by 16?
10
What is the remainder when 94 is divided by 11?
6
What is the remainder when 6524 is divided by 61?
58
What is the remainder when 34 is divided by 9?
7
What is the remainder when 321 is divided by 285?
36
Calculate the remainder when 35 is divided by 16.
3
What is the remainder when 175 is divided by 101?
74
What is the remainder when 359 is divided by 45?
44
What is the remainder when 94 is divided by 20?
14
Calculate the remainder when 30 is divided by 25.
5
What is the remainder when 48 is divided by 4?
0
Calculate the remainder when 141 is divided by 73.
68
Calculate the remainder when 54 is divided by 19.
16
What is the remainder when 5585 is divided by 57?
56
Calculate the remainder when 555 is divided by 47.
38
Calculate the remainder when 465 is divided by 158.
149
Calculate the remainder when 1433 is divided by 35.
33
What is the remainder when 12 is divided by 10?
2
What is the remainder when 613 is divided by 28?
25
Calculate the remainder when 140 is divided by 38.
26
What is the remainder when 467 is divided by 152?
11
Calculate the remainder when 199 is divided by 39.
4
What is the remainder when 166 is divided by 42?
40
What is the remainder when 99 is divided by 53?
46
Calculate the remainder when 513 is divided by 166.
15
Calculate the remainder when 1063 is divided by 14.
13
Calculate the remainder when 1107 is divided by 10.
7
What is the remainder when 705 is divided by 231?
12
What is the remainder when 358 is divided by 30?
28
Calculate the remainder when 7579 is divided by 20.
19
Calculate the remainder when 726 is divided by 194.
144
What is the remainder when 23 is divided by 16?
7
Calculate the remainder when 3775 is divided by 1885.
5
What is the remainder when 90 is divided by 17?
5
What is the remainder when 917 is divided by 40?
37
Calculate the remainder when 508 is divided by 73.
70
Calculate the remainder when 10437 is divided by 73.
71
Calculate the remainder when 15 is divided by 11.
4
Calculate the remainder when 322 is divided by 25.
22
What is the remainder when 145 is divided by 8?
1
What is the remainder when 94 is divided by 43?
8
Calculate the remainder when 588 is divided by 8.
4
What is the remainder when 440 is divided by 149?
142
What is the remainder when 4704 is divided by 5?
4
Ca